{"id":24,"date":"2012-02-09T15:10:16","date_gmt":"2012-02-09T15:10:16","guid":{"rendered":"http:\/\/www.geoconsult-mv.de\/?page_id=24"},"modified":"2023-02-11T10:02:13","modified_gmt":"2023-02-11T10:02:13","slug":"angebote","status":"publish","type":"page","link":"https:\/\/www.geoconsult-mv.de\/?page_id=24","title":{"rendered":"Angebote"},"content":{"rendered":"<p>f\u00fcr Tagesausfl\u00fcge w\u00e4hrend Ihres Aufenthaltes empfehlen wir unsere Reisebausteine:<br \/>\n<strong><em>Alle Routen sind beispielhaft und abh\u00e4ngig vom jeweiligen Hotelstandort.<\/em><\/strong><\/p>\n<div class=\"su-spoiler su-spoiler-style-fancy su-spoiler-icon-plus su-spoiler-closed\" data-scroll-offset=\"0\" data-anchor-in-url=\"no\"><div class=\"su-spoiler-title\" tabindex=\"0\" role=\"button\"><span class=\"su-spoiler-icon\"><\/span>K\u00fcstenfahrten<\/div><div class=\"su-spoiler-content su-u-clearfix su-u-trim\">\n<p>Wismar, Bad Doberan, Rostock, Warnem\u00fcnde<br \/>\n<em>(ca. 9 Stunden)<\/em><br \/>\n(ab Hotel 08.30 Uhr, Ankunft ca. 17.30 Uhr)<\/p>\n<p>Fahrt \u00fcber Sternberg und Br\u00fcel zum ersten Aufenthalt in Wismar; Busrund\u00adfahrt zur Stadtbesichtigung. Absetzen der G\u00e4ste auf dem Markt zum freien Aufenthalt. Weiterfahrt nach Bad Doberan mit M\u00f6glichkeit zum Besuch des M\u00fcnsters. Anschlie\u00dfend Mittagsaufenthalt in Rostock. Nachmittags Freizeit im Seebad Warnem\u00fcnde. R\u00fcckkehr ins jeweilige Hotel.<\/p>\n<\/div><\/div>\n<div class=\"su-spoiler su-spoiler-style-fancy su-spoiler-icon-plus su-spoiler-closed\" data-scroll-offset=\"0\" data-anchor-in-url=\"no\"><div class=\"su-spoiler-title\" tabindex=\"0\" role=\"button\"><span class=\"su-spoiler-icon\"><\/span>Residenzst\u00e4dte<\/div><div class=\"su-spoiler-content su-u-clearfix su-u-trim\">\n<p>G\u00fcstrow und Landeshauptstadt Schwerin<br \/>\n<em>(ca. 8 Stunden)<\/em><br \/>\n(ab Hotel 09.00 Uhr, Ankunft ca. 17.00 Uhr)<\/p>\n<p>Fahrt nach G\u00fcstrow mit kleiner Stadtbesichtigung; kurzer Aufenthalt. Wei\u00adter ab G\u00fcstrow mit Landschaftsrundfahrt \u00fcber Lohmen, Dobbertin, Goldberg und Crivitz (Alternativ: B104) nach Schwerin. Zun\u00e4chst kleine Stadtrund\u00adfahrt, anschlie\u00dfend gemeinsamer Gang durchs Regierungsviertel in die Altstadt zum Markt. Individuelle Freizeit mit M\u00f6glichkeit zur Bootsfahrt oder Besichtigung des Schlosses. R\u00fcckkehr ins Hotel.<\/p>\n<blockquote><p><em>Variante:<\/em><br \/>\nSollte die Variante der K\u00fcstenfahrt gefahren werden, so koppeln wir Wismar mit Schwerin; der Aufenthalt in G\u00fcstrow entf\u00e4llt.<\/p><\/blockquote>\n<\/div><\/div>\n<div class=\"su-spoiler su-spoiler-style-fancy su-spoiler-icon-plus su-spoiler-closed\" data-scroll-offset=\"0\" data-anchor-in-url=\"no\"><div class=\"su-spoiler-title\" tabindex=\"0\" role=\"button\"><span class=\"su-spoiler-icon\"><\/span>Fischland, Dar\u00df, Zingst<\/div><div class=\"su-spoiler-content su-u-clearfix su-u-trim\">\n<p>Stralsund, Seebad Zingst, Wustrow, Ribnitz (Bernsteinmuseum)<br \/>\n<em>(ca. 8,5 Stunden)<\/em><br \/>\n(ab Hotel 08.30 Uhr, Ankunft ca. 18.00 Uhr)<\/p>\n<p>Fahrt \u00fcber Nebenstrecke Tribsees, Richtenberg nach Stralsund mit etwas freiem Aufenthalt. Weiterfahrt \u00fcber L\u00f6bnitz zum Zingst und Mittagsaufenthalt im Seebad Zingst. Anschlie\u00dfend Fahrt entlang Prerow und durch Ahrenshoop nach Wustrow mit Halt am idyllischem Hafen. Bei Besuch von Ribnitz-Damgarten au\u00dferdem M\u00f6glichkeit zur Besichtigung des Deutschen Bernsteinmuseums.<\/p>\n<\/div><\/div>\n<div class=\"su-spoiler su-spoiler-style-fancy su-spoiler-icon-plus su-spoiler-closed\" data-scroll-offset=\"0\" data-anchor-in-url=\"no\"><div class=\"su-spoiler-title\" tabindex=\"0\" role=\"button\"><span class=\"su-spoiler-icon\"><\/span>Neubrandenburg<\/div><div class=\"su-spoiler-content su-u-clearfix su-u-trim\">\n<p>Neubrandenburg, Neustrelitz und Liebesinsel Mirow<br \/>\n<em>(ca. 8 Stunden)<\/em><br \/>\n(ab Hotel 08.30 Uhr, Ankunft ca. 17.30 Uhr)<\/p>\n<p>Landschaftsrundfahrt zum ersten Halt in Mirow; Besuch der Schlossanlage mit der Liebesinsel. Weiter \u00fcber Nebenstrecke nach Neustrelitz. Kleine Stadtrundfahrt und Mittagshalt am Hafen. Zum Nachmittag nach Neubrandenburg mit Aufenthalt in der Stadt; R\u00fcckkehr ins Hotel.<\/p>\n<\/div><\/div>\n<div class=\"su-spoiler su-spoiler-style-fancy su-spoiler-icon-plus su-spoiler-closed\" data-scroll-offset=\"0\" data-anchor-in-url=\"no\"><div class=\"su-spoiler-title\" tabindex=\"0\" role=\"button\"><span class=\"su-spoiler-icon\"><\/span>Seenplatte<\/div><div class=\"su-spoiler-content su-u-clearfix su-u-trim\">\n<p>Krakow am See, Malchow, Waren (M\u00fcritz), Basedow<br \/>\n<em>(ca. 8,5 Stunden)<\/em><br \/>\n(ab Hotel 08.30 Uhr, Ankunft ca. 18.00 Uhr)<\/p>\n<p>Ab Hotel zur Landschaftsrundfahrt durchs Mecklenburger Bin\u00adnenland \u00fcber Karow und Alt Schwerin nach Malchow. Einschiffen zur &#8222;F\u00fcnf-Seen&#8220; und Kanalfahrt mit M\u00fcritz nach Waren. Gang zur Altstadt und Mittagsfreizeit. Am Nachmittag Fahrt durch die &#8222;Mecklenburgische Schweiz&#8220;nach Basedow. Sehenswert sind die Dorfanlage, das Schloss und der Schlosspark sowie die Kirche. Gelegenheit zur Einkehr im &#8222;Alten Schaf\u00adstall&#8220;. R\u00fcckfahrt ins jeweilige Hotel.<\/p>\n<\/div><\/div>\n<div class=\"su-spoiler su-spoiler-style-fancy su-spoiler-icon-plus su-spoiler-closed\" data-scroll-offset=\"0\" data-anchor-in-url=\"no\"><div class=\"su-spoiler-title\" tabindex=\"0\" role=\"button\"><span class=\"su-spoiler-icon\"><\/span>R\u00fcgen<\/div><div class=\"su-spoiler-content su-u-clearfix su-u-trim\">\n<p>Stralsund, Sassnitz, Kreidek\u00fcste, Binz, Putbus<br \/>\n<em>(ca. 10 Stunden)<\/em><br \/>\n(ab Hotel 08.00Uhr, Ankunft ca. 18.30 Uhr)<\/p>\n<p>Fahrt \u00fcber Nebenstrecke Tribsees, Richtenberg nach Stralsund. Gemeinsamer Gang zum Markt, freier Aufenthalt. Weiterfahrt nach Sassnitz, Einschiffen zur Bootsfahrt zu den Kreidefelsen; alternativ Besuch des K\u00f6nigsstuhls\/der Viktoriasicht\u00a0 Anschlie\u00dfend \u00fcber Mukran und Prora nach Binz zum Mittagsaufenthalt. Inselrundfahrt \u00fcber Putbus und Garz zur R\u00fcgenbr\u00fccke mit Weiterfahrt zur\u00fcck ins Hotel.<br \/>\n[\/wpspoiler]\n[wpspoiler name=&#8217;Das &#8222;andere&#8220; Hamburg&#8216;]\nStadtpark, City Nord, Friedhof Ohlsdorf, Isemarkt, Alter Elbtunnel<br \/>\n<em>(ca. 10 Stunden)<\/em><br \/>\n(ab Hotel 08.00 Uhr, Ankunft ca. 18.00 Uhr)<\/p>\n<p>Fahrt \u00fcber A-24 nach Hamburg (Toilettenhalt enroute); mit Ankunft Hamburg Beginn Stadtrundfahrt durch den Stadtpark und die City-Nord zum Ohlsdorfer Friedhof, dem weltgr\u00f6\u00dften Parkfriedhof. Dort Rundfahrt und weiter durch Eppendorf zum Isemarkt, Europas l\u00e4ngstem Wochenmarkt. Anschliessend durchs Univiertel und Gerichtsviertel zum Alten Elbtunnel und Spaziergang durch dieses technische Denkmal von 1911 zum Aussichtsbalkon mit sch\u00f6nstem Blick auf die Stadt Hamburg von der anderen Elbseite. Nach der Mittagspause Fahrt zur Binnenalser und Rundfahrt mit dem echten historischen Alsterdampfer; sp\u00e4ter zur\u00fcck ins Hotel.<\/p>\n<\/div><\/div>\n<div class=\"su-spoiler su-spoiler-style-fancy su-spoiler-icon-plus su-spoiler-closed\" data-scroll-offset=\"0\" data-anchor-in-url=\"no\"><div class=\"su-spoiler-title\" tabindex=\"0\" role=\"button\"><span class=\"su-spoiler-icon\"><\/span>Alte Grenze Elbe<\/div><div class=\"su-spoiler-content su-u-clearfix su-u-trim\">\n<p>Palmschleuse, Blick auf Lauenburg, M\u00f6lln, Ratzeburg<br \/>\n<em>(ca. 9 Stunden)<\/em><br \/>\n(ab Hotel 09.00 Uhr, Ankunft ca. 18.00 Uhr)<\/p>\n<p>Landschaftsrundfahrt zur \u00e4ltesten Schleuse Europas, der Palmschleuse bei Lauenburg. Blick auf die Stadt von der anderen Elbseite. Weiter in die Eulenspiegelstadt M\u00f6lln, Mittagsaufenthalt in der Altstadt. \u00dcber Ratzeburg (Aufenthalt) zur\u00fcck ins Hotel.<\/p>\n<\/div><\/div>\n<div class=\"su-spoiler su-spoiler-style-fancy su-spoiler-icon-plus su-spoiler-closed\" data-scroll-offset=\"0\" data-anchor-in-url=\"no\"><div class=\"su-spoiler-title\" tabindex=\"0\" role=\"button\"><span class=\"su-spoiler-icon\"><\/span>Hansestadt L\u00fcbeck<\/div><div class=\"su-spoiler-content su-u-clearfix su-u-trim\">\n<p>Ratzeburg, L\u00fcbeck, Travem\u00fcnde<br \/>\n<em>(ca. 9 Stunden)<\/em><br \/>\n(ab Hotel 08.30 Uhr, Ankunft ca. 18.00 Uhr)<\/p>\n<p>Fahrt \u00fcber Autobahn und Nebenstrecke (Toilettenhalt enroute) nach L\u00fcbeck. Kleine Stadtrundfahrt mit dem Bus, anschlie\u00dfend gef\u00fchrter Gang in die historische Altstadt mit M\u00f6glichkeit zum Besuch von Niederegger Marzipan. Individuelle Freizeit f\u00fcr die G\u00e4ste; Gelegenheit zur Schiff\u00adfahrt um die Altstadtinsel; alternativ zur Schifffahrt Besuch des Seebades Travem\u00fcnde. R\u00fcckkehr ins Hotel.<\/p>\n<\/div><\/div>\n<div class=\"su-spoiler su-spoiler-style-fancy su-spoiler-icon-plus su-spoiler-closed\" data-scroll-offset=\"0\" data-anchor-in-url=\"no\"><div class=\"su-spoiler-title\" tabindex=\"0\" role=\"button\"><span class=\"su-spoiler-icon\"><\/span>D\u00e4nemark<\/div><div class=\"su-spoiler-content su-u-clearfix su-u-trim\">\n<p>Unsere D\u00e4nemark-Reisen finden Sie unter <a title=\"D\u00e4nemarkreisen\" href=\"https:\/\/www.geoconsult-mv.de\/?page_id=86\">Besonderes<\/a>.<\/p>\n<\/div><\/div>\n<p>Sie k\u00f6nnen uns ab jedem Standort im Land einsetzen.<\/p>\n<p>Stadtf\u00fchrungen bieten wir in jeder Stadt des Landes an .<\/p>\n<p>Dar\u00fcber hinaus begleiten wir Sie auf Tagesfahrten nach <strong>Hamburg (&#8222;Das andere Hamburg&#8220;;<\/strong> siehe unter <em>Besonderes<\/em>)<span style=\"font-weight: 300;\">\u00a0und <strong>Kopenhagen (DK)<\/strong>. Auch hier finden Sie den Ablauf unter <em>Besonderes<\/em>.<\/span><\/p>\n<p><span style=\"font-weight: 300;\"> Kostenlos erstellen wir Programmvorschl\u00e4ge und \u00fcbernehmen Buchungen f\u00fcr Schiffsfahrten, Museumsbesuche usw. oder weisen Ihnen ein Ihren W\u00fcnschen entsprechendes Hotel nach.<\/span><\/p>\n","protected":false},"excerpt":{"rendered":"<p>f\u00fcr Tagesausfl\u00fcge w\u00e4hrend Ihres Aufenthaltes empfehlen wir unsere Reisebausteine: Alle Routen sind beispielhaft und abh\u00e4ngig vom jeweiligen Hotelstandort. Sie k\u00f6nnen uns ab jedem Standort im Land einsetzen. Stadtf\u00fchrungen bieten wir in jeder Stadt des Landes an . Dar\u00fcber hinaus begleiten &hellip; <a href=\"https:\/\/www.geoconsult-mv.de\/?page_id=24\">Weiterlesen <span class=\"meta-nav\">&rarr;<\/span><\/a><\/p>\n","protected":false},"author":2,"featured_media":0,"parent":0,"menu_order":0,"comment_status":"closed","ping_status":"closed","template":"","meta":[],"_links":{"self":[{"href":"https:\/\/www.geoconsult-mv.de\/index.php?rest_route=\/wp\/v2\/pages\/24"}],"collection":[{"href":"https:\/\/www.geoconsult-mv.de\/index.php?rest_route=\/wp\/v2\/pages"}],"about":[{"href":"https:\/\/www.geoconsult-mv.de\/index.php?rest_route=\/wp\/v2\/types\/page"}],"author":[{"embeddable":true,"href":"https:\/\/www.geoconsult-mv.de\/index.php?rest_route=\/wp\/v2\/users\/2"}],"replies":[{"embeddable":true,"href":"https:\/\/www.geoconsult-mv.de\/index.php?rest_route=%2Fwp%2Fv2%2Fcomments&post=24"}],"version-history":[{"count":46,"href":"https:\/\/www.geoconsult-mv.de\/index.php?rest_route=\/wp\/v2\/pages\/24\/revisions"}],"predecessor-version":[{"id":204,"href":"https:\/\/www.geoconsult-mv.de\/index.php?rest_route=\/wp\/v2\/pages\/24\/revisions\/204"}],"wp:attachment":[{"href":"https:\/\/www.geoconsult-mv.de\/index.php?rest_route=%2Fwp%2Fv2%2Fmedia&parent=24"}],"curies":[{"name":"wp","href":"https:\/\/api.w.org\/{rel}","templated":true}]}}